Let b(k) = -k**2 - 3*k - 2. Calculate b(-1).
0
Let n(q) = 2*q + 11. Give n(-13).
-15
Let b(n) = 9*n - 30. What is b(10)?
60
Let c(l) = 2*l**2 + 56*l - 129. Give c(-30).
-9
Let k(r) = -3*r + 4. Determine k(-2).
10
Let a(g) = -14*g - 18. Calculate a(9).
-144
Let o(d) = -388*d + 6. Determine o(0).
6
Let q(r) = r**2 + 10*r - 43. Determine q(-13).
-4
Let t(r) = -r**3 + 13*r**2 + 13*r + 18. Give t(14).
4
Let m(b) = b**2 - 4*b - 9. What is m(-8)?
87
Let r(d) = d**3 - 22*d**2 - 47*d - 19. Determine r(24).
5
Let z(r) = 34*r - 315. Determine z(9).
-9
Let z(n) = n**2 + 12*n - 26. Determine z(-14).
2
Let c(k) = -k**2 - 17*k + 925. Determine c(-40).
5
Let r(c) = c**2 + 8*c + 12. Calculate r(-9).
21
Let d(m) = -3*m**3 + 10*m**2 + 3*m + 1. Calculate d(4).
-19
Let z(q) = q**2 + q + 5. Determine z(-4).
17
Let o(v) = -v**3 - 8*v**2 + 3*v + 4. What is o(-8)?
-20
Let r(b) = 16*b**2 + 79*b + 8. Give r(-5).
13
Let z(r) = -7*r**2 - 3*r + 1. What is z(-4)?
-99
Let o(r) = 2*r**3 + 20*r**2 + r - 14. Calculate o(-10).
-24
Let m(c) = -c**3 + 16*c**2 + 2*c - 50. What is m(16)?
-18
Let z(s) = -s**3 + 4*s**2 - 7*s + 5. What is z(5)?
-55
Let m(a) = -a**2 - 12*a + 18. What is m(-13)?
5
Let t(c) = 5*c - 6. Calculate t(9).
39
Let v(k) = -40*k + 70. Give v(2).
-10
Let l(s) = s**2 - 6*s - 1. Give l(7).
6
Let o(p) = -p**3 - 5*p**2 - 4*p - 17. Calculate o(-5).
3
Let s(u) = 7*u**2 + 2*u + 3. Determine s(-1).
8
Let y(z) = 5*z**2 - 25*z + 14. Give y(6).
44
Let k(u) = u**3 - 14*u**2 - 15*u - 15. What is k(15)?
-15
Let q(o) = -o**3 + 23*o**2 - 22*o - 7. Determine q(22).
-7
Let x(d) = 5*d**2 - 85*d + 6. What is x(17)?
6
Let q(d) = -d**2 + 18*d - 18. What is q(9)?
63
Let t(i) = 5*i**2 - 8*i + 7. Determine t(1).
4
Let v(f) = -f**3 - 7*f**2 + 2*f - 27. Determine v(-8).
21
Let m(v) = v**2 - v - 27. Calculate m(7).
15
Let p(l) = -l**3 - 11*l**2 - 8*l + 19. Determine p(-10).
-1
Let f(k) = -10*k + 4. What is f(-7)?
74
Let h(o) = 6*o + 42. Give h(-14).
-42
Let d(x) = -27*x + 7. What is d(2)?
-47
Let i(v) = -v**3 + 5*v**2 + 6*v - 13. What is i(6)?
-13
Let h(p) = p**3 - 4*p**2 + p - 1. Calculate h(4).
3
Let f(i) = -4*i - 13. Give f(-4).
3
Let o(a) = 3*a - 1. What is o(7)?
20
Let k(o) = 2*o + 3. What is k(-1)?
1
Let g(k) = -k**2 - 15*k - 15. Determine g(-14).
-1
Let m(o) = -26*o**3 - o**2 + 1. Calculate m(1).
-26
Let z(y) = y**2 + 2*y + 7. Determine z(-4).
15
Let d(l) = 2*l**2 - 25*l + 7. Determine d(11).
-26
Let o(m) = -10*m + 201. Calculate o(21).
-9
Let t(j) = j**2 + 9*j + 2. Determine t(0).
2
Let x(m) = m**3 - 8*m**2 - 4. Determine x(6).
-76
Let c(y) = -y**3 - 14*y**2 + 2*y + 14. Give c(-14).
-14
Let v(j) = 6*j**2 + 2*j. Give v(-1).
4
Let n(l) = -2*l**2 + l + 4. Calculate n(3).
-11
Let y(d) = d**3 - 5*d**2 - 5*d - 6. Calculate y(6).
0
Let f(u) = u**3 - 20*u**2 + 36*u - 1. Calculate f(18).
-1
Let l(m) = 4*m + 21. Calculate l(3).
33
Let o(f) = -f**3 - 48*f**2 - 52*f - 246. Give o(-47).
-11
Let n(i) = -13*i - 14. Calculate n(2).
-40
Let v(m) = -m**2 - 6*m + 8. What is v(-7)?
1
Let h(a) = a**2 + 10*a + 2. What is h(-9)?
-7
Let h(c) = -c**3 - 12*c**2 + 14*c - 10. Determine h(-13).
-23
Let f(r) = 2*r**3 + 3*r**2 - 3*r + 5. Give f(-4).
-63
Let m(q) = -q**2 - 27*q + 61. Determine m(-29).
3
Let b(i) = -6*i + 148. Calculate b(14).
64
Let b(a) = -a**3 - 10*a**2 + a + 8. Determine b(-10).
-2
Let s(q) = -2*q**2 - 8*q - 9. What is s(-4)?
-9
Let m(b) = b**2 - 10. Calculate m(-6).
26
Let j(g) = 9*g - 8. What is j(-6)?
-62
Let c(y) = 2*y - 65. Determine c(34).
3
Let c(b) = b**3 + 15*b**2 - b - 16. What is c(-15)?
-1
Let p(k) = 81*k + 82. Determine p(-1).
1
Let b(n) = -n**3 + 36*n**2 + 300*n + 61. Determine b(43).
18
Let b(w) = -34*w + 23. Calculate b(1).
-11
Let n(q) = q + 5. What is n(0)?
5
Let a(h) = -21*h**2 + 2*h - 1. Calculate a(1).
-20
Let f(a) = 14*a - 15. Calculate f(5).
55
Let g(m) = -40*m + 1. What is g(-1)?
41
Let l(i) = -2*i**2 - 21*i + 2. Give l(-10).
12
Let i(q) = -q + 32. What is i(29)?
3
Let t(c) = -3*c - 103. Determine t(-33).
-4
Let i(l) = l**3 + 9*l**2 + 13*l + 25. Determine i(-8).
-15
Let s(p) = p**2 + 9*p + 5. What is s(-5)?
-15
Let p(t) = 2*t**3 - 11*t**2 + 5*t - 7. Calculate p(5).
-7
Let v(g) = -2*g**3 - 4*g**2 + g + 4. Determine v(-3).
19
Let t(n) = n - 9. What is t(5)?
-4
Let m(i) = i**3 - 14*i**2 - i + 18. What is m(14)?
4
Let n(v) = -9*v**2 + 2*v. Give n(-2).
-40
Let j(z) = -z + 13. What is j(0)?
13
Let n(t) = 2*t**3 + 2*t**2 + 4*t + 2. Give n(-1).
-2
Let c(f) = -4*f**3 - 3*f**2 + 3. Determine c(1).
-4
Let s(h) = h**3 - h**2 - 2*h + 4. What is s(2)?
4
Let u(x) = -x**2 - 69*x - 542. Give u(-60).
-2
Let u(k) = k**3 + 23*k**2 - 26*k + 7. Determine u(-24).
55
Let c(p) = -3*p**3 - 9*p**2 - 3*p + 4. Determine c(-2).
-2
Let j(v) = -v**3 - 3*v**2 + 14*v - 1. What is j(-6)?
23
Let t(s) = 2*s**3 - s**2 - 8*s + 1. Calculate t(-3).
-38
Let n(r) = -r**2 + 8*r + 6. Determine n(9).
-3
Let m(u) = u**3 - 3*u**2 + 3*u + 3. What is m(3)?
12
Let n(i) = -2*i + 4. Give n(8).
-12
Let b(n) = n**2 - 11*n - 17. Calculate b(12).
-5
Let v(n) = -n**3 + 6*n**2 - n - 2. What is v(5)?
18
Let f(j) = j**3 - 8*j**2 - 11*j + 16. What is f(9)?
-2
Let l(c) = -7*c + 4. What is l(5)?
-31
Let l(r) = 2*r + 18. Determine l(-7).
4
Let f(w) = w**2 - 2. Give f(-8).
62
Let r(y) = 4*y + 4. Give r(3).
16
Let c(t) = -t**2 + 17*t + 11. Calculate c(17).
11
Let l(a) = -a**2 + 5*a - 12. Give l(5).
-12
Let z(f) = -6*f + 31. What is z(6)?
-5
Let t(h) = 2*h**3 + 10*h**2 - h - 7. Determine t(-5).
-2
Let g(u) = -2*u**3 - 47*u**2 - 107*u - 34. Give g(-21).
8
Let h(i) = 6*i - 6. What is h(6)?
30
Let q(x) = -x**3 + 2*x**2 + 20*x - 16. Determine q(5).
9
Let x(z) = z**2 + z - 21. Give x(0).
-21
Let k(g) = 7*g**2 + 4*g - 2. Calculate k(-2).
18
Let n(p) = -p**2 + p + 27. Determine n(-5).
-3
Let y(t) = -3*t**2 + 7*t + 12. Determine y(5).
-28
Let d(r) = 6*r**3 - r**2 - 3*r + 4. Calculate d(1).
6
Let i(u) = u**3 + 9*u**2 + 10*u + 1. Calculate i(-8).
-15
Let x(j) = j**2 + 10*j - 3. Give x(-7).
-24
Let w(q) = -4*q - 55. What is w(-24)?
41
Let w(s) = s**3 + 4*s**2 - 9*s + 9. Give w(-6).
-9
Let y(s) = s**2 + 8*s + 9. Give y(-5).
-6
Let j(g) = g**3 + 7*g**2 - 10*g + 1. Give j(-8).
17
Let l(p) = p**2 - 146*p - 443. Calculate l(-3).
4
Let u(x) = -24*x - 151. Give u(-7).
17
Let n(z) = -z**2 + 18*z - 80. What is n(6)?
-8
Let m(g) = 33*g - 102. Give m(3).
-3
Let l(j) = j**3 - 6*j**2 + 5*j + 1. Give l(6).
31
Let v(g) = -3*g**2 + 6*g - 9. Give v(-4).
-81
Let i(t) = t**3 + 5*t**2 - 9*t - 21. Give i(-6).
-3
Let r(q) = q**3 - 5*q**2 + 3*q + 4. What is r(3)?
-5
Let x(h) = 3*h**2 + 31*h - 31. Calculate x(1).
3
Let u(b) = 43*b - 225. Calculate u(5).
-10
Let f(i) = -i**3 + 10*i**2 + 3*i - 31. What is f(10)?
-1
Let b(k) = -4*k + 3. Give b(-18).
75
Let d(t) = -t**2 - 13. Calculate d(9).
-94
Let w(l) = 2*l**2 - 7*l - 89. Calculate w(-5).
-4
Let f(d) = 2*d**2 - 13*d + 4. Give f(7).
11
Let v(y) = y**3 - 13*y**2 - y + 10. Calculate v(13).
-3
Let m(v) = -10*v + 130. Determine m(13).
0
Let w(b) = 7*b - 141. Determine w(21).
6
Let l(c) = 3*c + 15. Calculate l(-3).
6
Let i(z) = 2*z**2 - 1. Calculate i(-2).
7
Let z(f) = -f + 27. What is z(15)?
12
Let p(q) = q**3 + 9*q**2 - 10*q - 4. What is p(-10)?
-4
Let s(a) = -2*a**2 + 15*a - 16. Give s(6).
2
Let s(h) = -2*h + 17. Determine s(12).
-7
Let n(t) = t**3 + 10*t**2 + 11*t + 94. Give n(-10).
-16
Let i(w) = -w**3 - 10*w**2 - 10*w - 18. What is i(-8)?
-66
Let o(y) = -11*y**3 + 4*y**2 + 3*y - 2. Calculate o(2).
-68
Let n(s) = s**3 + 22*s**2 - 24*s - 16. Calculate n(-23).
7
Let n(b) = 18*b**2 + 250*b - 12. Calculate n(-14).
16
Let s(f) = -3*f**3 - f**2 + 2*f - 2. What is s(2)?
-26
Let t(w) = w**3 - 5*w**2 - 2*w. What is t(4)?
-24
Let s(g) = -2*g**3 + 2*g**2 + 6*g + 7. What is s(-2)?
19
Let s(p) = p**3 - 14*p**2 + 34*p + 18. Determine s(11).
29
Let r(i) = -9*i + 1. Determine r(-1).
10
Let y(g) = 15*g - 9. What is y(4)?
51
Let l(s) = s**3 + 9*s**2 - 19*s + 35. Calculate l(-11).
2
Let y(x) = x**2 + 11*x + 24. Give y(-8).
0
Let y(g) = -g**3 - 2*g**2 + 2*g. Determine y(-3).
3
Let v(n) = n**2 - 26*n - 923. Determine v(-20).
-3
Let v(s) = 6*s. What is v(-5)?
-30
Let t(d) = -157*d**3 + d. Determine t(-1).
156
Let b(u) = -u**2 - 11*u + 12. Determine b(-12).
0
Let i(y) = -7*y + 256. Calculate i(37).
-3
Let q(m) = m**2 + 8*m + 3. Calculate q(-7)